3).
-6
Evaluate -2 + -11 - (70 - 68).
-15
-9 - -7 - ((-32 - -14) + 31)
-15
Evaluate -6 + (12 + (10 - 8) - 25).
-17
(-18 - -25) + -12 + -23 - -12
-16
What is 32 + -36 + 29 + -27?
-2
(11 - 25) + 7 - (5 - 0)
-12
Calculate 11 - 2 - (32 - 31) - 17 - -27.
18
-17 + (35 - 50) + 12
-20
22 - (33 + 6 - 25)
8
What is (13 - (-5 - (4 + -3 + -2))) + -3?
14
What is the value of 42 + 5 + (1 - 0) + (42 - 56)?
34
What is -8 + (-4 - -13) + -3?
-2
Calculate (15 - (-22 - -9)) + 3 + (4 - 7).
28
What is (4 - -1) + (-20 - (0 + -6 + 0))?
-9
Evaluate (34 - 42 - (-27 - 1)) + -15.
5
What is the value of (26 - -10) + -28 - 20?
-12
Evaluate -1 + (2 - -2) + 28 + -111 + 105.
25
What is the value of -7 + (-12 + -6 - -34)?
9
What is the value of -6 - (2 - -12) - (4 + -5 + 0)?
-19
What is the value of (4 - 4) + 6 + -16 + (-4 - -1)?
-13
What is (106 + -101 - (-1 + 4)) + -3 + -4?
-5
What is 5 + (0 - 6 - 0) + -2 + 2?
-1
What is the value of 8 - 8 - -7 - 4?
3
Calculate -1 + 12 + (-12 - 0).
-1
Evaluate (6 + 6 - -6) + -9 + (-7 - 0).
2
0 + 1 - (-199 - -188)
12
What is -2 + (-6 - (-5 - (-7 + 6))) + -1?
-5
What is the value of -26 + (-26 - (-53 + 25))?
-24
What is the value of -3 + -5 + (-2 + -2 + 19 - 9)?
-2
(-6 + -30 - -27) + (-1 - 0)
-10
Evaluate -2 + (36 - 28) - (-1 - -2).
5
What is the value of 3 - 5 - ((1 + 5 - 1) + -3)?
-4
Calculate (22 + -7 - 17) + (10 - 3) + 0.
5
Evaluate (0 - (3 - 2 - -4) - 7) + 1.
-11
Calculate -8 + 12 + -2 - 1.
1
What is the value of -12 + -3 + 0 + -20 + 23?
-12
(-6 - -45) + -25 + 1 + 10
25
Calculate -2 + -11 - (106 - 111).
-8
Calculate (0 - -5) + 35 + -47 + 13.
6
What is the value of (-1 - 1 - ((-2 - 29) + 32)) + -4?
-7
Evaluate 44 + -34 + 2 - 17.
-5
Calculate -25 - -2 - -13 - (-1 - -1).
-10
What is -4 + 12 + ((-3 - -1) + -1 - 1)?
4
(-16 - (-16 + -11)) + 2
13
Calculate 14 + -6 - (-55 - -57).
6
What is the value of 9 + (-11 - -3) + 0 + -5?
-4
(-34 - -27) + (2 - -11) + 2 + 0
8
Calculate 13 - (-14 + 5 - -12).
10
Evaluate 2 + 9 + (-448 - -426).
-11
What is the value of -2 + (2 - 0) + -2 + (-1408 - -1433)?
23
What is 1 + 3 + -2 + (67 - 72)?
-3
Evaluate -32 + (42 - 15) - 6.
-11
Calculate -5 + -9 + -10 + (32 - 1).
7
26 + (-6 - (4 - -10))
6
(-2 - (1 + -3) - 2) + (-6 - -6)
-2
What is -8 + 10 + (5 - (-15 + 5))?
17
Evaluate (-13 - -14) + (24 - 11) - 9.
5
Calculate -1 - 10 - 1 - (4 - 12).
-4
What is the value of 0 + 52 + (-639 - -615)?
28
Calculate (17 - (-21 - -17)) + -21.
0
Evaluate 0 + -3 + (5 - 6) - (-22 + 8).
10
Evaluate -24 + 17 - (-5 + 5 + 20 + 1).
-28
What is the value of -77 + 91 + -3 + 1?
12
Calculate 55 + -36 + -7 + -27 + 1 + 11.
-3
What is 11 + -7 + 3 + (28 - 39)?
-4
What is the value of -6 - ((4 - -1) + 1 + -18) - 9?
-3
Calculate -23 + 24 + -34 - -22.
-11
What is the value of (-5 - (1 + -5 + 7)) + -2?
-10
Calculate -1 - -16 - (20 + 1).
-6
18 + -2 + 112 + -129
-1
-2 - (-12 - -1) - -3 - (0 + 4)
8
Evaluate (25 - 7) + 11 - 24.
5
Calculate 3 + 18 + -7 - (1 + -1 + 2).
12
What is -8 + -3 + -11 + 3 + 6?
-13
What is -1 - (-1 - -5) - 8?
-13
5 + 1 + 1 + (-40 - -20)
-13
36 - (-5 + 8 + -12 + 13 + 4)
28
What is 2021 + -1994 + (-5 - (3 - 1))?
20
What is (0 - -4) + -9 + -19 - (22 + -25)?
-21
8 + (2 + -4 + -3 - 3)
0
18 - (16 - 8) - (4 - -9)
-3
What is the value of (12 - 2) + -3 - (-2 - 3 - 1)?
13
What is the value of -3 + -9 - (13 + -5 + -7)?
-13
Calculate -40 + (9 - (-30 + 32)).
-33
Calculate -6 + -5 + 6 - (4 + -7) - 3.
-5
9 + 4 + (-13 + -9 - 8)
-17
Calculate 57 + -32 + (-38 + 28 - (-3 - -1)).
17
What is the value of (1 - 30) + 166 + -169?
-32
-105 + (169 - 65) + (2 + -1 - -15)
15
What is the value of -7 + (3 - 1) + -1 - (33 + -6)?
-33
Calculate 12 + 2 + 49 + -3 + -42.
18
Calculate (-2 - 0 - -3) + (-30 - -21) + -1.
-9
(8434 - 8444) + (-1 + 0 - (-2 + 10))
-19
Evaluate -2 + (-8 - (14 - 6 - 11)).
-7
14 - ((-39 - -20) + 54)
-21
What is the value of -83 + 78 + (2 - -21)?
18
Calculate (6 - -1) + (29 - ((6 - 5) + 9)).
26
Calculate 4 - (13 - 23 - -9).
5
What is -17 + 12 + 23 + -7 - 10?
1
Evaluate (4 - (-7 + 13)) + 22.
20
21 + (-27 - -16) - 3
7
What is 17 + -23 + 16 + -13?
-3
Calculate 25 + -5 + (-42 - -41).
19
Evaluate 13 - (2 + 4 + (-46 - -51)).
2
Evaluate 7 + -1 + 21 + 8 + -52.
-17
Calculate -2 + -11 + (8 - 0).
-5
-21 + 4 + 8 + 8
-1
Evaluate 5 - (20 + -24 + 16 + 3).
-10
-2 + -5 + (3 - 2) + 3
-3
10 - (-3 + -8 - -10)
11
(1 - 0) + -3 + (-160 - -148)
-14
Evaluate -3 - -26 - (3 + (6 - 6) - 6).
26
-24 + 32 - (9 - -1)
-2
What is 4 - (-5 + -10 + 9)?
10
(3 + -2 - (16 - 24 - -10)) + 3
2
Evaluate 6 + (-6 - 0) + 2 - -4.
6
Evaluate 8 + (2 - (-4 + 7 - 1 - -12)).
-4
What is -33 + 19 + 18 + 29?
33
What is the value of 4 - ((0 + -1 - 3) + (-1190 - -1218))?
-20
-18 + 3 - (12 + -29)
2
Calculate (4 + 9 - 4) + -15.
-6
Evaluate -16 - (-5 + -12) - (15 - 2).
-12
Calculate 586 + -584 + 2 + 0 + 1.
5
What is -10 - (0 + -6 + 3 + (46 - 36))?
-17
What is (-4 - 24) + 66 + -44?
-6
Evaluate (0 - 0) + ((32 - 11) + -37 - -18).
2
(61 - 70) + (-3 + -1 - -1 - -3)
-9
What is -17 + 22 + (-4 - -2 - 2) + -17?
-16
What is 3 + 23 + -66 + 50?
10
What is the value of -14 + (234 + -244 - (-5 - 0))?
-19
What is the value of 0 + 16 - 18 - (0 + -1 + 0)?
-1
What is the value of 180 - 167 - (15 + -1)?
-1
What is the value of -510 + 506 + (0 - -1) + -1?
-4
(1 - 8) + (-38 - -44)
-1
Calculate (24 - (5 - 8)) + -5 + 2 - 7.
17
Calculate -11 + 9 + 7 + -8 + -3.
-6
What is (-8 - (7 - 11)) + 4 + -12?
-12
What is the value of 2 + (-33 - -39 - (2 - (0 - -5)))?
11
-48 + 58 - (2 + 0 + -9)
17
2 - 6 - (10 - ((10 - 5) + 0))
-9
What is the value of 15 + 13 - (-8 + (9 - 4 - 5))?
36
21 + -5 + -10 + (-1 - 2) + -9
-6
-8 + (-1 - (0 + -2)) - (330 - 336)
-1
-115 + 128 - (-3 + -11)
27
-15 + 14 - 7 - -12
4
What is 5 + (2 - 18) + 31 + -31?
-11
What is (-1 + 16 - 12) + -11?
-8
28 - (12 + -15 - ((-4 - -6) + -11))
22
Calculate -23 + -15 + 15 + (3 + -11 - -4).
-27
11 - 6 - 7 - -10
8
Evaluate (29 - 6) + -25 + (1 - 3).
-4
Evaluate (1 - (1 + 6)) + -1097 + 1099.
-4
What is 0 + 17 + (2 - (2 - 1))?
18
What is the value of (15 - 7 - 11) + 9 - 15?
-9
Evaluate 32 - 10 - (67 + -45).
0
What is the value of 0 - (-9 + 22 - (-6 + 5 + 4))?
-10
What is the value of -3 - 1 - (0 + 4 - (10 - 18))?
-16
Calculate (-26 - -21) + -6 + -8 + 6.
-13
What is the value of 19 - 66 - (-101 - -56)?
-2
Calculate -14 + 11 + 18 - 3.
12
-18 + 4 + (9 - (-18 - 17))
30
Calculate -35 - (17 + -37 + -10).
-5
What is the value of 6 + (-7 - (-7 + 30) - -6) - -2?
-16
What is the value of 2 + -7 + 1 + (-11 - -7)?
-8
What is (21 - (-3 - -6)) + (28 - 31)?
15
Evaluate -5 + 0 - (-13 + 30 + (1 - 13)).
-10
What is the value of (-1 - -3 - -5) + (-4 - -6) + -6?
3
What is -13 - ((0 - 1) + -5 - (51 - 54))?
-10
Calculate 2 + -1 + 0 - (-104 - -112) - -2.
-5
What is the value of (18 - (-7 + 1 + 15)) + -1?
8
Evaluate (-27 - -10) + 0 + 24.
7
Evaluate (-4 - (-3 - -3) - -4) + -5 + 0.
-5
What is -16 - -2 - (-36 - (-38 + 35))?
19
What is (-4 - (0 + -1 + 0) - -11) + -10?
-2
What is the value of (-6 - 1) + (13 - (9 + -3))?
0
What is the value of 23 - 0 - (-323 + 336)?
10
What is the value of 3 + -12 - (-5 + 7 - 4 - 19)?
12
What is -1 + (17 - (20 - 11)) + (-22 - -4)?
-11
What is the value of 16 + 3 - (16 - 14 - -42)?
-25
4 + -13 + (8 - (-6 + 5))
0
17 + -8 + (-5 - -4) + (20 - 4)
24
Calculate (6 - -3) + 9 - 18.
0
Evaluate -358 - -358 - (-1 - -3) - -7.
5
Calculate 16 + -14 + 1 - -7.
10
Evaluate 257 - 250 - (1 - -2).
4
What is -33 + (-7 - (-42 + 12))?
-10
Evaluate -3 + -1 - (884 - 878).
-10
What is 1 + 3 - 14 - (0 - 20)?
10
(3 - -2) + (-2 - 0 - (21 - 22))
4
Evaluate 13 + (-7 - 8 - -8) + -15.
-9
Calculate -7 - (5 + (1 + -11 - -4)).
-6
What is the value of 1 - (4 + (-4 - 6) + 4) - 12?
-9
Evaluate 7 + -16 + 0 + -3 - 13.
-25
Evaluate -9 - (-55 + (3 - (-19 + 6 + 6))).
36
What is 23 - ((-19 - -8) + 17)?
17
(-11 - (8 + -23)) + -3
1
Evaluate -13 + (-5 + 18 - 16) + 13.
-3
What is the value of (5 - -9) + -16 + -12 - -35?
21
What is the value of -3 + (-2 - (-8 - (-6 - -7)))?
4
Calculate 13 + -19 + 8 + 1 - (-4 + 9).
-2
What is the value of 76 + -71 + -1 + -1 + -7?
-4
0 + -57 + 14 + 23
-20
Evaluate -12 + 25 + (7 - 4) + (-4 - 2).
10
-1 + -25 + (-41 - (-40 - 8))
-19
What is the value of 61 + -50 - (4 + -2 + 4 + -1)?
6
Evaluate 0 + (-12 - -24 - 16) + (0 - -12).
8
Evaluate -3 + 2 + -3 + 79 + -86 - -10.
-1
Calculate 2 + (11 - (16 + -8)) + 5 + -